s the tens digit of p(-21)?
0
Let u be 3/(-4)*(-120)/18. Suppose 83 = -u*k - 17. Let o = k - -154. What is the tens digit of o?
3
What is the ten thousands digit of (-7 + (-571040)/60)*-3?
2
Suppose 4*d = -2*j - 0*d - 644, -1634 = 5*j + 4*d. Let k = 545 + j. What is the units digit of k?
5
Let o = -11669 + 17562. What is the tens digit of o?
9
Suppose -5*b - 991 = -3*j, 0 = -3*j - 4*b + 1391 - 445. Suppose -15*v + 248 = -j. What is the tens digit of v?
3
Suppose 13*j = -1761 + 357. What is the units digit of j*((-704)/12)/11?
6
Let q(k) = -474*k + 4576. What is the ten thousands digit of q(-46)?
2
Let j(t) = -1078*t**3 + 3*t**2 + t. Let a = 394 + -395. What is the units digit of j(a)?
0
Let k(p) = -2*p**3 + 14*p**2 - 2*p + 10. Let y be k(7). Let h(a) = -3*a**3 + 4*a**2 + 6*a + 11. What is the tens digit of h(y)?
4
Let j = 80 + -56. Suppose 2*g + j = 6*g. What is the hundreds digit of -1*2 + 5 - (-816)/g?
1
What is the hundreds digit of 39/(-3) + 39 + 16838?
8
Suppose 0 = -21*i - 2*i + 81765 + 40020. What is the thousands digit of i?
5
Let s(n) = 3*n**2 + n - 26. Let h be s(-5). Suppose 42*l + 964 = h*l. What is the units digit of l?
2
Suppose -w + 11 - 6 = 0. Let c be 3/(-2) + (-1)/(8/(-36)). Suppose -2*i - 72 = -c*u + 519, -985 = -5*u - w*i. What is the tens digit of u?
9
Suppose -t - 27 = -7*j, -2*t + j + 3*j = 4. What is the hundreds digit of 1489*t/2*(-31)/(-124)?
4
Suppose 3*t = 5*o + 10065 + 6766, -3*t + o + 16847 = 0. What is the units digit of t?
7
Let y be (-12)/(1/((-134)/3)). Suppose 0 = -b - 4*j + 8*j + 114, 4*b - y = -4*j. What is the hundreds digit of b?
1
Suppose -k - 15 = -5*z, -2*k = -3*z + 5 + 4. Suppose -z*r + 2097 = -5*c, 21*r = 18*r + 3*c + 2103. What is the units digit of r?
4
What is the tens digit of 4/((-2)/(-1)) + (-12 - 7 - -17558)?
4
Suppose -41147 = -5*q + 2*f + 18831, 23990 = 2*q - f. What is the thousands digit of q?
1
What is the thousands digit of (2 + 1507)/(5 - (-235)/(-50))?
5
Let b(u) = -u**3 - 6*u**2 - 4*u - 7. Let v be b(-5). Let f = v + 32. Suppose -h + 5*j - f = -129, -5*h + 5*j = -465. What is the tens digit of h?
8
Let g = 9812 - 252. What is the hundreds digit of g?
5
Suppose -3*k = 186*c - 187*c + 27003, 4*k = -4*c + 108012. What is the units digit of c?
3
Let y = -4506 - -6339. What is the units digit of y?
3
Let j = 43 - 49. Let o be ((-4)/j)/(-3 - (-22)/6). What is the units digit of o - -98 - (-12 - -10)?
1
Let j = -60 - 45. Let l = -74 + j. Let s = -30 - l. What is the tens digit of s?
4
Suppose 2*o + 4 = r, -o + 35 = 5*r + 4*o. Let c be (-1 - -2)/(r/32)*-3. What is the units digit of c*(5 - 86/8)?
2
Suppose d - 11 = 13. Let m(q) = -2*q + 0*q + 2*q + q + d. What is the units digit of m(0)?
4
Let d(f) = -20600*f + 1848. What is the ten thousands digit of d(-2)?
4
What is the units digit of (-1107)/(-2)*(-60738)/(-477)?
9
Let v be (7/28)/((-2)/24). What is the units digit of (-23 - (-2 + 0))*(v - 1)?
4
Let x(g) = 53433*g**3 + 2*g**2 + 8*g - 11. What is the tens digit of x(1)?
3
Let a = -1149 + 1923. Let y = a - 365. What is the units digit of y?
9
Let n(d) = 54*d + 273. Suppose 0 = -98*f + 101*f + 5*h - 64, -4*f = -4*h - 32. What is the units digit of n(f)?
5
Suppose -3*g = 2*k - 58891, 0 = 427*k - 423*k + 3*g - 117797. What is the hundreds digit of k?
4
Suppose 18*v - 33772 + 4216 = 0. Let w = v - 841. What is the tens digit of w?
0
Let j be ((-52)/(-8))/(3/(-162)). Let a = j + 386. What is the tens digit of a?
3
Let x(o) = 904*o - 1493. What is the ten thousands digit of x(18)?
1
Suppose -6*k + 107432 = -3*k - 2*g, 0 = -4*g + 20. What is the thousands digit of k?
5
Suppose -2*m - 5*a = m - 467, 0 = 5*m + 2*a - 753. Let q(j) = 3*j**2 + 85*j + 11. Let u be q(-29). Let t = m - u. What is the tens digit of t?
8
Suppose -678 = 5*w + 1597. Let v = 863 + w. What is the hundreds digit of v?
4
Let j(r) = r**3 - 9*r**2 + 23*r - 28. Let q be 34/153 + -20*(-14)/36. What is the units digit of j(q)?
2
Suppose -x + 5*x = 4*h + 8, 32 = 4*x + 2*h. Suppose -j - y = 10, 4*y + x - 36 = 3*j. Let o = 74 + j. What is the units digit of o?
4
Let v = 5521 + -3847. Suppose 0 = -9*b + v + 1557. What is the units digit of b?
9
Suppose -m + 32576 = 3*m - 2*h, -2*m - h + 16292 = 0. What is the hundreds digit of m?
1
Let t be (-796)/(-3) - (0 + 9/27). Let s = 462 + t. What is the units digit of s?
7
Suppose -180 = -p - 11*p. What is the hundreds digit of (-2)/3 + -2*(-4130)/p?
5
Suppose 0 = 4*k - 4*p - 202616, 7*k - 11*k + 5*p + 202617 = 0. What is the hundreds digit of k?
6
What is the tens digit of 12/(-8) + -12 + 6667/2?
2
Let r(q) be the first derivative of 58/3*q**3 - 22 - 3/2*q**2 + 3*q. What is the units digit of r(2)?
9
Let j(u) = -341*u + 10385. What is the thousands digit of j(-33)?
1
Let y(a) = -a**2 - 10*a - 18. Let d be y(-8). Let x(v) = -8*v - 3. Let c be x(d). Let u(h) = 4*h - 16. What is the tens digit of u(c)?
3
Let s be ((4 + -3)*1)/(1/(-18)). Let d be 608/144 + 4/s. What is the units digit of 1/d + 9030/40?
6
Suppose 2*t + 107*t = -29539. Suppose -3*a - 409 = 2*b, -a - 2*b = -4*a - 425. Let g = a - t. What is the hundreds digit of g?
1
Suppose 5*f - 50280 = 5*j - 0*j, -4*f = -j - 40242. What is the ten thousands digit of f?
1
Let v = 912 + -901. Let d(x) = -2*x + 32. Let u(r) = -1. Let w(q) = d(q) - 6*u(q). What is the tens digit of w(v)?
1
What is the hundreds digit of ((-1)/(-4))/(-1) + (-6 - 1786/(-8))?
2
Suppose -3*o + 4*o - 68 = -4*w, -84 = -4*w - 5*o. Suppose g = -3*t - 1 + w, t = g + 5. Suppose 4*y + 5*j - 85 = 288, -3*j - 9 = g. What is the tens digit of y?
9
Suppose 4167147 = 24*y + 255*y - 2653008. What is the tens digit of y?
4
Suppose 2 = -a, p + 0*p - 41 = 4*a. Suppose -32*v - 959 = -p*v. What is the hundreds digit of v?
9
Let z = 244 + -225. Suppose -4*j + z*p = 15*p - 48, 0 = 5*p - 5. What is the tens digit of j?
1
Let j(v) = -10*v + 47. Let c be j(4). Let f(d) = d**2 - 2*d - 7. Let i be f(-5). What is the units digit of 720/i - (-2)/c?
6
Let n = 2006 + -1198. Let a = 1450 - n. What is the tens digit of a?
4
Suppose 304*b = 302*b + 814. Suppose 2*k + 6 + 0 = 0, 5*k = s - b. What is the tens digit of s?
9
Suppose -2*c + 16 = 8. Suppose -2*k - 4*h + 922 = 0, 5*k = -6*h + c*h + 2273. What is the hundreds digit of k?
4
Let r = 10842 - 8156. What is the hundreds digit of r?
6
Suppose 28773*t - 28771*t - 14900 = 0. What is the hundreds digit of t?
4
Suppose -208*i = -2824496 - 2414816. What is the hundreds digit of i?
1
What is the hundreds digit of -6 - (828/(-1) - (-11 + 12))*53?
9
Let q = 525 - 519. What is the hundreds digit of (-2 - 81)/(-7 - (-41)/q)?
4
Let d be 3*(1/1 + -2). What is the tens digit of (-38)/12 - d - (-11555)/30?
8
Let x(h) = -2*h**3 + 18*h**2 + 209*h + 134. What is the tens digit of x(-25)?
0
Let r(a) = 65*a**2 + 29*a - 167. What is the thousands digit of r(6)?
2
Let d = 32887 - 14853. What is the hundreds digit of d?
0
Let s be 631 - (-12)/9*9/6. Suppose 48*v - 51*v + s = 0. What is the units digit of v?
1
Let o be 8/((-40)/(-25)) + -5. Suppose o = 68*v - 137818 + 49962. What is the tens digit of v?
9
Let h = -82 - -90. Let g be (h/10)/((-2)/20) - 3. Let r(k) = k**3 + 12*k**2 + 11*k + 11. What is the tens digit of r(g)?
1
Let g = -42 - 3. Let y = g - -61. Suppose -7*c + y*c = 279. What is the tens digit of c?
3
Let m be -2*(-4 - (3 + 3)). Let h be 5*8/m*1. Suppose -h*b = 3*q - 41, 2*b = 3*q - 17 + 64. What is the tens digit of b?
2
Let j be (36/15)/((-6)/(-2025)). What is the units digit of (927/5)/((j/100)/27)?
8
Suppose -38*v = 21*v - 553479. What is the thousands digit of v?
9
Suppose 774434 = -30*o + 138*o - 149290. What is the tens digit of o?
5
Let v(j) = -9*j + 1. Let m be v(-3). Let x be -15*3/(-9) - -1. Suppose -m - x = -n. What is the tens digit of n?
3
Suppose 13*w - 333 = 18. Suppose 15293 = w*j - 1825. What is the tens digit of j?
3
Suppose 9*h = 6577 + 1073. Suppose 3*r = c - 423, -5*r = c - 3*c + h. What is the units digit of c?
5
Let w be (-88)/(-132)*(5 - 2). Suppose -m = 2*m - 5*c - 739, 0 = w*m + 4*c - 478. What is the units digit of m?
3
Let b be (-2 - 6/(-5))*-5. Suppose b*d + 363 = d. What is the tens digit of (-22)/d - 282/(-22)?
1
What is the thousands digit of 4/(-6) - (25 + 368088/(-63))?
5
Suppose 0 = 6*n - 2*n - 4. Let l = n + 81. What is th